z = 3. Let v be c + 1 - (n + -8). What is f(v)?
-9
Let l(t) = t**2 - 17*t - 42. Let i = -203 + 212. Suppose -i*d - 110 = -281. What is l(d)?
-4
Let x(c) = -7 - 3132*c + 3133*c + 1 - 10. Give x(3).
-13
Suppose 420 = 35*p - 350. Let t(m) = -m + 22. Determine t(p).
0
Let v(l) = l**2 + 3*l - 1. Suppose -x - p = 3*p + 36, 4*p = 4*x + 224. Let a(h) = 7*h - 67. Let f be a(9). Let c be x/14 + f/14. Give v(c).
3
Let u(b) = 12*b**3 + 83*b**2 + 161*b + 252. Let r(w) = w**3 + 7*w**2 + 13*w + 21. Let y(o) = 25*r(o) - 2*u(o). Determine y(-9).
-6
Let a(v) = -v - 10. Let b(z) = -2*z**2 - 48*z. Let k = 177 + -201. Let d be b(k). What is a(d)?
-10
Let o = 733 - 736. Let i(m) = 4*m**3 + 5*m**2 + 4*m + 2. Calculate i(o).
-73
Let c(v) be the third derivative of 19*v**7/5040 + 11*v**5/12 - 15*v**2. Let g(l) be the third derivative of c(l). Give g(-1).
-19
Suppose 4*h - 166 = -5*c, -750*c + 5*h - 80 = -752*c. Let j(g) be the second derivative of 0 - 1/3*g**3 - c*g - 2*g**2 - 1/4*g**4 - 1/20*g**5. Calculate j(-3).
2
Suppose 1776 = -35*g + 47*g. Let i = -148 + g. Let m(y) = -y**2 + y + 17. Determine m(i).
17
Let m(o) = 12*o + 39. Let l = -6848 + 6842. Determine m(l).
-33
Let l(r) be the first derivative of -1/3*r**3 + 3 + 3*r - r**2. Determine l(-5).
-12
Suppose 63 = -w - 67. Let z = w + 132. Let y(b) = 1 - 3 + 0*b - 2*b. Give y(z).
-6
Let o(f) = f**2 + 7*f - 7. Suppose 0 = 2*p - 17 + 7. Suppose 0 = p*k + 10, 2*y + 4*k - 8 = -34. Give o(y).
11
Let a(p) = -3*p**2 + 23*p - 24. Let v(g) = 13*g**2 - 94*g + 105. Let w(z) = 9*a(z) + 2*v(z). Determine w(21).
-48
Let s(o) = o**2 + 4*o - 3. Let i be 12/(-18)*6 - (-1 + -30). Suppose 2*d = -5*t - i + 3, t + 21 = 5*d. Calculate s(t).
9
Let k = 556 + -274. Let u(l) = -1 - 269*l**2 - l**3 + 545*l**2 - 6*l - k*l**2. What is u(-4)?
-9
Let l(p) be the second derivative of -5*p**3/6 + 81*p**2/2 + 10498*p. Calculate l(15).
6
Let n(q) = q**3 - 5*q**2 - 7*q - 1. Suppose -3*o = -8*o + 15. Suppose 5*a - 70 = 2*b - 335, -o*a - 150 = -3*b. Let k = a + 61. Determine n(k).
-7
Let j(s) be the first derivative of s**3/3 - 5*s**2 - 11*s + 1. Let m be (35360/91)/34 - 6/14. Give j(m).
0
Suppose -253 + 862 = 21*z. Let a(k) = -2*k**2 + 60*k - 61. What is a(z)?
-3
Let i(u) be the first derivative of -u**5/20 + u**4/2 + 5*u**3/3 - 5*u**2 - 47*u - 56. Let l(r) be the first derivative of i(r). Give l(7).
11
Let r(t) = 13*t**3 + 37*t**2 - 8*t - 32. Let u(f) = -3*f**3 - 9*f**2 + 2*f + 8. Let v(c) = 2*r(c) + 9*u(c). Let q be 7/35 - 900/125. What is v(q)?
-6
Let r(i) = 12*i**2 + i - 1. Let c be -1 + (33 - 2 - -2). Suppose -c = 3*a + 13. Let g be (1 - 6/8)/(a/(-60)). Determine r(g).
12
Let y(c) be the second derivative of 17*c**6/360 - c**5/60 + c**4/24 - 7*c**3/2 - c + 47. Let k(x) be the second derivative of y(x). Give k(1).
16
Suppose -3*l + 1067 = -2*n + 6*n, 0 = 5*n - 2*l - 1305. Let k = 281 - n. Let x(j) = j**3 - 18*j**2 - j + 23. Determine x(k).
5
Let x(q) = q - 5. Let a be x(5). Suppose -10 = -5*c, 0 = 4*y - c + 39 - 133. Suppose a = -3*w + y - 27. Let u(i) = -13*i**3 - i - 1. What is u(w)?
13
Suppose -4*l - 4*s = -80, -3*l + 2*s + 50 = -0*s. Let k(m) = m + 21 + 3*m - 3*m - l. Suppose 2*r - 6*p = -2*p + 20, 3*r = 5*p + 25. Give k(r).
3
Let l(w) be the first derivative of w**3/3 + 9*w**2 + 38*w + 3979. Determine l(-12).
-34
Let d(i) = -4*i**2 + 9*i + 22. Suppose -5*k + 2*p + 12 - 32 = 0, 5*k + 4*p - 10 = 0. Calculate d(k).
-12
Let l(x) = -x + 1. Let i(j) = j**2. Let c(g) = 2*i(g) + 3*l(g). Let p = -491 + 494. Determine c(p).
12
Let s(d) = -12*d**3 - 2*d**2 + d. Suppose -5*a + 2*k + 2*k + 114 = 0, -3*a + 58 = -5*k. Suppose -38*q = -a*q - 12. Determine s(q).
-13
Let t(l) = l**2 + 19*l + 10. Let g = 4805 + -4821. Calculate t(g).
-38
Let i(b) = -108 - b**3 - 91 + 13*b**2 + 182 - 21*b. Let q be -8 - -1 - (-1692)/94. Give i(q).
-6
Suppose -2*z = -2*g + 1904, -4*z = 20 - 4. Suppose g = v + 963. Let c(p) = p**3 + 14*p**2 - 15*p + 4. Determine c(v).
4
Let j = 215 - 214. Suppose -4*p = -f + j, -5*f + 6 = 2*p + 1. Let x(v) = v**3 + v + 8. What is x(p)?
8
Let g(k) = 2*k - 6. Let t be 7/(-112)*-6 - (-458)/16. Suppose -49 = -13*p + t. Calculate g(p).
6
Let r be (-652)/54 + (-3 - 664/(-216)). Let n(v) = v**3 + 11*v**2 - 10*v + 15. What is n(r)?
-9
Let p be (-5)/2*(-20)/25. Suppose -p*t = -58 + 66. Let o(i) = -i**3 - 6*i**2 - 6*i - 6. Calculate o(t).
-14
Suppose 0 = -4*h + 3*u + 20, -3*h + 4*u - 2 + 17 = 0. Suppose 3*c = -h*p + 50, 0*c = 2*c + 2*p - 28. Suppose -c*f + 4 = -6. Let w(s) = -2*s + 1. Give w(f).
-1
Let v = -7495 + 7511. Let i(h) = -6*h + 91. Calculate i(v).
-5
Suppose 77 = -56*a + 105*a - 21. Let g(c) be the first derivative of 1/2*c**a + 2*c - 10. Determine g(4).
6
Let p(s) = 4*s**2 - 13*s + 8. Let b(t) = -t**2 + t. Let j(n) = 5*b(n) + p(n). Let z be j(-9). Let d be z - -2 - 1/1*0. Let c(a) = -10*a - 1. What is c(d)?
-11
Let m(q) = 3*q**2 - 53*q + 17. Let v(i) = i**2 - 17*i + 5. Let o(k) = -6*m(k) + 19*v(k). Calculate o(7).
7
Let d(y) be the third derivative of y**4/24 + 2*y**3/3 - 413*y**2. Suppose 0 = 4*u - 8 + 92. Let w be (1 + -2)/((-3)/u). Give d(w).
-3
Let z(j) = -2129*j - 12763. Let h be z(-6). Let c(v) be the first derivative of v**2/2 - 7*v + 1. Calculate c(h).
4
Suppose -6*d + 8 = -4. Suppose 1 = -d*r - 5*a, -6 = -r + 5*a + 1. Let s(t) = -8*t**r + 5*t**2 + 2*t + 2*t**2. What is s(5)?
-15
Let t(l) be the third derivative of -l**5/60 + l**4/24 + l**3/6 + 2*l**2 - 1128*l. Suppose -5*c - 7 = 3. What is t(c)?
-5
Let z(u) be the second derivative of -u**4/12 + u**3 - 9*u**2/2 + 3*u. Let b be z(5). Let h(r) = 10 - 4*r - r**2 + 6 - 29 + 10 + 4. Calculate h(b).
1
Suppose -4*a - 3*v = 6, 7*v = 6*v - 2. Let z(q) be the third derivative of 12*q**2 + 0 - 1/20*q**5 - 2/3*q**3 - 1/120*q**6 + 1/24*q**4 + a*q. What is z(-3)?
-7
Suppose -5*n + 4*s = 27, 31*s + 39 = -5*n + 29*s. Let h(z) = -3*z**2 - 24*z - 2. Calculate h(n).
19
Let f(h) = 333*h**2 + 38036*h - 343*h**2 - 43 - h**3 - 38047*h. Give f(-10).
67
Let w(o) = 11*o**3 - 2*o**2 - 2*o. Suppose 80 = -17*b + 46. Calculate w(b).
-92
Let m(f) be the first derivative of f**3/3 - 11*f**2/2 - 21*f + 6546. Suppose 0*s - z = 5*s - 67, 3*s - 35 = 2*z. Calculate m(s).
5
Let u(a) be the third derivative of a**5/15 - 23*a**4/24 - a**3 + 4*a**2 + 52*a - 1. Determine u(6).
0
Let p(v) = -v + 7. Let r = 231 - 138. Let n = r - 57. Suppose -7*o = -10*o + n. Give p(o).
-5
Let x(z) = 4*z + 84. Suppose 5*f - 3*s = -126, -5*s = -15*f + 16*f - 14. Give x(f).
0
Let m be 1/7 + (-4696)/(-56). Suppose 0 = -11*c + 23*c + m. Let r(n) = n**2 + 5*n - 6. What is r(c)?
8
Let s(n) = -200*n + 399*n + 7 - 3 - 201*n. Calculate s(5).
-6
Let w(f) = -f**2 + f + 13. Let n be 2*((-35)/(-28) - 1/(-4)). Suppose -4*m - 2*s = -18, -8*m + n*s = -13*m + 23. Calculate w(m).
1
Let s(g) be the third derivative of -g**6/60 + 3*g**5/20 - g**4/3 - g**3/2 + 1021*g**2. What is s(5)?
-68
Let d(i) = i - 2. Let v = 132 - 112. Suppose q + 5*l = -19, -6*l + 2*l = v. Determine d(q).
4
Let r(q) be the first derivative of -q**3/3 - 10*q**2 - 12*q - 1787. Calculate r(-18).
24
Let k be (-756)/35 - -22 - (-33)/5. Let q(u) = -u**3 + 7*u**2 - 3*u + 7. Give q(k).
-14
Let p(d) = d**2 - 3*d - 2. Let b(i) = 12*i - 66. Suppose 0 = 3*l - 27 + 9. Let t be b(l). Calculate p(t).
16
Let w(c) = 66*c + 5. Let x(a) = 10*a + 1. Let b(v) = w(v) - 6*x(v). Suppose -10 = -5*n + l, -4 = -4*n + 3*l + 15. Determine b(n).
5
Let m = -2 + 1. Let d = 1 - m. Let g(n) = -2*n**3 + n**2 - 6*n + 1. Let r(c) = -5*c**3 + 2*c**2 - 17*c + 3. Let i(y) = -8*g(y) + 3*r(y). Determine i(d).
-5
Let u(f) = -7*f**2 + 40*f + 20. Let v(o) = 20*o**2 - 115*o - 57. Let j(w) = -17*u(w) - 6*v(w). Give j(7).
23
Let c(f) = 14*f**3 - 15*f**2 + 64*f - 14. Let l(v) = -5*v**3 + 5*v**2 - 21*v + 5. Let d(h) = 6*c(h) + 17*l(h). What is d(-9)?
82
Let g(a) = a**2 - a + 1. Suppose -9*b = -26*b - 6885. Let w = b - -406. Determine g(w).
1
Suppose 63*h - 1001 = -14*h. Let j(l) = l**3 - 12*l**2 - 11*l + 26. What is j(h)?
52
Let c = -9 + 9. Suppose 0*q - 5*q + 25 = c. Let f(j) be the first derivative of -j**2/2 + 2*j - 2143. Calculate f(q).
-3
Let m = 2436 - 2418. Let x(f) = f**3 - 16*f**2 - 38*f + 40. Calculate x(m).
4
Let o = -380607 - -380602. Let g(c) = 2 + 3*c + 2*c - 4*c. What is g(o)?
-3
Let z(l) = l**3 + 7*l**2 + 10*l + 22. Let q 